 factor of v and d?
10
Suppose -5*d + 2*d = 0. Suppose -o + 0*o + 70 = d. Suppose 5*x - 5*g = o, 5*g - 1 = -x - 5. Calculate the highest common divisor of 99 and x.
11
Suppose 0*y + 122 = 5*b - 4*y, 4*b = y + 91. What is the greatest common divisor of b and 33?
11
Suppose 5*f + 0*f = 50. Calculate the greatest common factor of 80 and f.
10
Let t = -8 - 0. Let w(q) = -3*q + 1. Let j be w(t). What is the highest common factor of 125 and j?
25
Let a be 1*190*(-12)/(-24). What is the highest common divisor of 38 and a?
19
Suppose 35 = 3*o - 2*o. What is the greatest common divisor of 14 and o?
7
Let q be ((-234)/(-12))/((-6)/(-32)). What is the greatest common divisor of 8 and q?
8
Suppose -3*i + 5*i = 28. Suppose -b = -2*b + i. What is the highest common factor of b and 42?
14
Let g be (-6)/((3 + -1)/(-6)). Suppose 1 = 4*r + 13. Let y be (2 + r)/((-2)/12). Calculate the highest common factor of g and y.
6
Let z be -3*2*(1 + -2). Suppose m = 4 - 1. Suppose 0 = m*c - 22 - 23. What is the highest common factor of z and c?
3
Let l(d) = -d + 11. Let k = -3 - 5. Let s be l(k). Calculate the highest common factor of s and 19.
19
Let d = 46 + -105. Let n = d - -3. Let p be (n/12)/(2/(-24)). What is the highest common factor of 8 and p?
8
Let m = -68 + 48. Let k = m + 47. Calculate the greatest common divisor of k and 9.
9
Suppose 0 = -44*l + 45*l - 378. Calculate the highest common factor of 54 and l.
54
Let l = 1 - 1. Suppose 2*n + s - 66 = l, 2*s = -8*n + 3*n + 166. Let o = 5 + n. What is the greatest common divisor of 13 and o?
13
Let h be 2/2*(0 + 0). Suppose i + 3*i - 120 = h. What is the highest common divisor of 20 and i?
10
Let c(z) = -2*z + 9. Let l be c(8). Let i = l - -11. Let p be 3/(9/(-28))*-3. Calculate the greatest common divisor of i and p.
4
Suppose 4*i - 148 = -2*k + 88, -3*i - 4*k + 172 = 0. What is the highest common divisor of i and 6?
6
Let y = -105 - -157. Calculate the highest common factor of y and 416.
52
Let m = 40 + -14. What is the greatest common factor of 13 and m?
13
Suppose 0 = -5*z + 68 + 22. What is the highest common factor of 12 and z?
6
Suppose 2*b = -3*b + 720. Suppose 3*n - 36 = 12. What is the highest common divisor of n and b?
16
Suppose -18 = 2*f + 5*l, f - 3*f - 2*l - 18 = 0. Let r be f/12*1*-24. What is the highest common factor of r and 45?
9
Let c = -222 + 348. Calculate the greatest common factor of c and 14.
14
Let u = -76 + 82. Let n(v) = -v + 10. Let a be n(5). Let x = a + 1. What is the greatest common divisor of x and u?
6
Suppose -3*y = 15 - 39. Let r be y/(22/20 - 1). What is the highest common factor of r and 10?
10
Suppose 5*l - 11*x + 14*x = 23, 3*l - 3*x = 9. Suppose 0 = -3*d + 5*d - 16. Calculate the highest common divisor of l and d.
4
Let w be (-1)/(-4) + 1/(-4). Suppose w*n - 5*n + 30 = 0. Suppose 4*g - n*g = -26. Calculate the highest common factor of 26 and g.
13
Suppose 4*h + h - 45 = 0. Let c be (-265)/(-3) + (-2)/6. Suppose -2*j - z = -c, -2*z = -4*j - z + 182. What is the highest common factor of h and j?
9
Let s(m) = -m**3 + 9*m**2. Let u be s(8). What is the greatest common divisor of u and 16?
16
Let a = -1 - -21. Calculate the greatest common factor of a and 100.
20
Suppose 20 = 5*w, 10 = 2*v + v - 2*w. Let j = -5 + v. Let z(i) = -i**3 + i**2 + 3*i + 1. Let h be z(-2). What is the greatest common divisor of h and j?
1
Let z(h) = -3*h - 3. Let y be z(-2). Suppose -2*l = y*l - 55. Suppose -l - 21 = -2*t. What is the highest common factor of t and 40?
8
Let y be (-1 + 0)*(-2 - 1). Suppose 2*r - 30 = -3*b + b, 24 = 3*r - 4*b. What is the highest common factor of r and y?
3
Let j(h) = h**3 - 7*h**2 + 8*h - 8. Let n be j(6). Let g = -4 + n. Let v(i) = i**2 + i + 14. Let u be v(g). What is the highest common factor of 84 and u?
14
Let b(c) = 76*c + 1. Let k be b(1). Let u(n) = -n**3 + 5*n**2 - 2*n + 3. Let s be u(4). What is the greatest common divisor of k and s?
11
Suppose 3 - 126 = -5*n - w, -5*n + w + 127 = 0. Suppose 0 = i - 2*c - 35 - n, -3*c - 55 = -i. What is the highest common factor of i and 10?
10
Let n = 5 - 2. Suppose 4*y + 155 = n*u, 0 = 2*u - u - 3*y - 60. Calculate the greatest common divisor of 5 and u.
5
Let f be ((-1)/(-3))/((-15)/(-225)). What is the greatest common divisor of f and 15?
5
Suppose -43 = -7*j + 6*j. What is the highest common factor of 172 and j?
43
Suppose c + 13 = z + 4*z, 0 = -3*c + 2*z. Let i = 3 + -1. Let g be (0 - (-1 - 1)) + i. Calculate the highest common factor of g and c.
2
Let t(s) = -100*s**3 - 2*s - 2. Let q be t(-1). What is the greatest common divisor of q and 150?
50
Let x(h) = 2*h + 15. Let y be x(-7). Let f be y - (3 - (-2 + 5)). What is the highest common factor of 9 and f?
1
Let q = 43 + -8. What is the greatest common divisor of q and 14?
7
Let x be (-6)/4*(-2 - 0). Let b be ((-5)/(10/24))/((-1)/1). Calculate the highest common divisor of x and b.
3
Let o = -107 - -157. What is the greatest common divisor of o and 20?
10
Suppose 0 = -2*s + 2, -6*i + i + 1802 = 2*s. What is the highest common divisor of 45 and i?
45
Let i(h) = 38*h**2 + 2. Let u be i(2). Let y(o) = -o - 2 - o**3 - o**2 - o**2 + 4. Let c be y(-3). Calculate the highest common factor of u and c.
14
Let w be -5*2/(-10)*2. Let x(g) = -6*g**3 + g**2 - g. Let k be x(1). Let f be 14 + k/w + 3. What is the greatest common factor of f and 14?
14
Let n be (-1)/(-5) + (-3)/((-60)/76). What is the greatest common divisor of 28 and n?
4
Suppose -3*z = -2*a - 4*z + 24, 0 = a - z - 18. Suppose a = j - 37. Calculate the greatest common divisor of 17 and j.
17
Suppose -18 - 6 = -2*m. Suppose -n + 0 + m = 0. Calculate the highest common factor of 84 and n.
12
Suppose -31 = -4*w + 2*w - 5*l, -w = -5*l - 8. Calculate the highest common factor of 26 and w.
13
Let d(v) = v**2 + 3*v - 3. Suppose 3*t - t = 4. Let g be d(t). Let y = 27 + 22. What is the highest common factor of g and y?
7
Suppose 2*s = -2 - 2. Let q be 1/s + 90/12. What is the highest common factor of 77 and q?
7
Suppose -2 = -o + 2. Let i = 10 - o. Suppose -s = -i*s + 40. What is the highest common factor of 12 and s?
4
Let n(v) = -10*v - 10. Let b be n(-8). Calculate the greatest common divisor of 14 and b.
14
Suppose 34 + 16 = 5*j. Let d = -96 + 64. Let b be (d/j)/((-4)/10). What is the highest common factor of b and 24?
8
Let y be (-5)/(-2)*1092/30. What is the greatest common divisor of 7 and y?
7
Let o be 2/12 + 5/((-60)/(-214)). What is the highest common factor of 12 and o?
6
Suppose 0 = -p - p + 114. Suppose -21 = m - p. Calculate the greatest common divisor of m and 90.
18
Let f(k) = -k**3 + 6*k**2 + 4*k - 9. Suppose 5*v = 4*l + 5, 6*l - 2*l + 2*v - 30 = 0. Let b be f(l). Calculate the greatest common divisor of 4 and b.
4
Let d = 0 + 1. Let u be d + (12 - 3) + 3. What is the highest common divisor of 13 and u?
13
Let v = -182 + 206. What is the greatest common factor of 96 and v?
24
Let p be (-1706)/(-30) + 6/45. What is the highest common divisor of p and 627?
57
Let r(k) = k**3 - 21*k**2 - 21*k - 14. Let a be r(22). What is the greatest common divisor of a and 2?
2
Let l = -65 + 99. Suppose v + 11 - 28 = 0. What is the highest common divisor of l and v?
17
Let u(r) = -r**3 - 15*r**2 - 14*r + 6. Let y be u(-15). What is the highest common divisor of y and 27?
27
Suppose -3*v = s + 7, 2*s - 2*v + 6 = 16. Suppose -s*p + 462 = p. Calculate the greatest common factor of p and 14.
14
Let u = 2 + 1. Let m(r) = 6 + u - 3 - 1 + 3*r. Let o be m(4). What is the greatest common factor of o and 153?
17
Let u = 82 - 46. Calculate the highest common factor of 9 and u.
9
Suppose -29 = 3*g - 449. Calculate the highest common divisor of 20 and g.
20
Let c be (2/(-4))/(8/(-320)*2). Calculate the greatest common factor of c and 90.
10
Suppose -4*i = -4*k + 196, -2*k + 42 + 56 = 2*i. Let s = k - 35. What is the highest common factor of 14 and s?
14
Let t = 122 - 62. Let v(h) = -h**3 - h**2 + h. Let p be v(-3). Calculate the greatest common factor of t and p.
15
Let l(z) = -z**3 - 22*z**2 - 23*z - 35. Let c be l(-21). Calculate the highest common divisor of 56 and c.
7
Let l(h) = -7*h - 3. Let j be l(-2). Let y(o) = 22*o**2 + o - 1. Let c be y(1). Let g = c - j. Calculate the greatest common divisor of g and 11.
11
Suppose 4*h - 